e
Is 46049257 a prime number?
True
Is 27772049 prime?
False
Is 149570407 a prime number?
False
Is 1012211 composite?
True
Is 5863285 composite?
True
Is 68956877 prime?
False
Is 401934041 a prime number?
True
Is 126465161 a composite number?
False
Is 4878227 a prime number?
False
Is 21361099 a prime number?
False
Is 992449 a composite number?
False
Is 2355793 composite?
True
Is 5827499 a composite number?
False
Is 49954207 composite?
False
Is 65089163 a prime number?
True
Is 796709 prime?
True
Is 6924539 a prime number?
False
Is 192349 prime?
False
Is 31839851 prime?
True
Is 1073647 a composite number?
False
Is 5640281 prime?
True
Is 68957893 prime?
True
Is 709170667 composite?
True
Is 837017 prime?
True
Is 126278149 a prime number?
True
Is 95360453 a composite number?
False
Is 2437306 prime?
False
Is 77835001 a composite number?
True
Is 6113293 composite?
True
Is 131106917 a prime number?
True
Is 9928315 composite?
True
Is 317879 a prime number?
False
Is 16963913 composite?
True
Is 43339 a composite number?
True
Is 22448651 a composite number?
True
Is 2097131 prime?
True
Is 483187 a prime number?
False
Is 41858039 a composite number?
False
Is 55429181 composite?
False
Is 2941607 a prime number?
True
Is 92900123 a prime number?
False
Is 843859 composite?
True
Is 100488197 composite?
False
Is 106066193 prime?
True
Is 6056569 composite?
False
Is 1671907 a composite number?
False
Is 1414081 composite?
False
Is 49201973 a composite number?
True
Is 1188097973 a composite number?
False
Is 5177509 composite?
False
Is 781477945 a prime number?
False
Is 7579769 a composite number?
False
Is 1207607 prime?
False
Is 289959659 a prime number?
False
Is 980173 a composite number?
False
Is 3221774 composite?
True
Is 1125542401 a composite number?
True
Is 43402001 a composite number?
False
Is 2295569 prime?
True
Is 296368763 a prime number?
True
Is 42722417 a composite number?
False
Is 1275631 a prime number?
False
Is 7207561 composite?
False
Is 14108683 composite?
True
Is 1066769 a prime number?
False
Is 10137919 composite?
True
Is 50982027 a prime number?
False
Is 166083871 a prime number?
True
Is 51598891 a prime number?
True
Is 9718181 composite?
True
Is 65489509 prime?
True
Is 13696607 a prime number?
False
Is 28358851 a prime number?
True
Is 515909 a composite number?
True
Is 30740027 prime?
False
Is 380461273 a composite number?
True
Is 331731061 composite?
False
Is 1554043 prime?
True
Is 18676769 a composite number?
False
Is 7091159 composite?
True
Is 3016479 a composite number?
True
Is 222466729 a composite number?
True
Is 460379 a composite number?
False
Is 580571 a prime number?
False
Is 71155913 a composite number?
False
Is 25157417 prime?
False
Is 1063083205 a composite number?
True
Is 3064799 composite?
True
Is 112333 a prime number?
False
Is 2432657 a prime number?
True
Is 129412165 composite?
True
Is 168299969 prime?
True
Is 865195 prime?
False
Is 28239131 prime?
True
Is 131162 composite?
True
Is 5645521 prime?
False
Is 2669581 a composite number?
False
Is 95855365 composite?
True
Is 4428059 a composite number?
False
Is 135280007 a prime number?
False
Is 1805519 a composite number?
True
Is 13587005 prime?
False
Is 23459143 prime?
False
Is 405229511 a composite number?
True
Is 5943001 prime?
True
Is 548600677 a composite number?
False
Is 192385043 composite?
True
Is 501836089 a prime number?
True
Is 28330109 composite?
True
Is 5525327 a prime number?
True
Is 18275531 composite?
False
Is 569651 a prime number?
False
Is 12228591 a composite number?
True
Is 11777567 composite?
True
Is 15146009 a prime number?
False
Is 1664353 composite?
False
Is 199432047 a composite number?
True
Is 102428033 a composite number?
False
Is 35183221 composite?
True
Is 786449 a composite number?
False
Is 24300291 composite?
True
Is 8361319 a composite number?
False
Is 5596441 composite?
True
Is 23528509 a prime number?
False
Is 5543333 a prime number?
True
Is 6640979 a prime number?
True
Is 344351 prime?
False
Is 6641797 a composite number?
False
Is 1534399 a composite number?
True
Is 1465907 prime?
False
Is 15311059 prime?
True
Is 45018742 a composite number?
True
Is 1532351 prime?
True
Is 26183585 prime?
False
Is 52826171 a prime number?
False
Is 63341 prime?
False
Is 453977 a prime number?
True
Is 2891057 a composite number?
True
Is 7589345 a composite number?
True
Is 2373481 composite?
True
Is 243574141 composite?
True
Is 1785419 composite?
False
Is 58274537 composite?
True
Is 206351741 a prime number?
True
Is 26469427 composite?
False
Is 101329177 composite?
False
Is 5069081 a prime number?
True
Is 19839563 a composite number?
False
Is 1681807 prime?
True
Is 62177623 a composite number?
False
Is 146172737 a prime number?
True
Is 187619 a composite number?
True
Is 5746973 a prime number?
True
Is 41732585 prime?
False
Is 31577899 prime?
True
Is 88534489 a composite number?
False
Is 25753789 prime?
True
Is 26740003 a composite number?
False
Is 20822003 composite?
True
Is 36762653 prime?
False
Is 73416941 prime?
False
Is 2235965 a prime number?
False
Is 3823399 prime?
True
Is 87637721 prime?
True
Is 2585017 composite?
True
Is 9615703 a composite number?
True
Is 8337727 a composite number?
False
Is 416047 a composite number?
True
Is 126502903 prime?
False
Is 5011927 prime?
True
Is 275347 composite?
True
Is 56557489 a prime number?
False
Is 4085947 prime?
False
Is 10276513 composite?
True
Is 25357771 prime?
False
Is 15498929 a composite number?
False
Is 3057797 composite?
False
Is 203708123 composite?
False
Is 25225633 a prime number?
True
Is 30173641 a composite number?
False
Is 3925937 a prime number?
False
Is 50183213 a prime number?
False
Is 50615141 composite?
False
Is 4737053 a prime number?
True
Is 1126751 a prime number?
True
Is 21974153 a prime number?
False
Is 389539669 composite?
False
Is 165343 a prime number?
True
Is 186833857 a prime number?
False
Is 6230351 prime?
True
Is 923911 prime?
False
Is 3235767 a prime number?
False
Is 1076549 composite?
True
Is 102619511 composite?
False
Is 215873 a prime number?
False
Is 7131973 composite?
True
Is 2905169 composite?
True
Is 7456521 a composite number?
True
Is 36773 a composite number?
True
Is 1774982587 composite?
True
Is 1507626559 composite?
False
Is 10321103 a composite number?
True
Is 5435333 composite?
False
Is 504164917 composite?
True
Is 7335173 a prime number?
False
Is 827957 a prime number?
False
Is 1124639 a prime number?
True
Is 48567067 a prime number?
False
Is 34352537 a prime number?
True
Is 107545271 a prime number?
False
Is 10927333 a prime number?
False
Is 4270567 composite?
True
Is 36806437 prime?
True
Is 3233605 prime?
False
Is 3384593 prime?
True
Is 73170287 prime?
True
Is 5187353 a composite number?
False
Is 9192221 composite?
True
Is 16389539 a prime number?
True
Is 8045489 a prime number?
True
Is 487462985 a composite number?
True
Is 1449878 prime?
False
Is 72502163 prime?
False
Is 679781 a prime number?
True
Is 13186479 a prime number?
False
Is 1240645759 a composite number?
True
Is 232633 prime?
True
Is 167708623 prime?
False
Is 44671349 composite?
False
Is 1720339 a prime number?
True
Is 365573773 composite?
False
Is 11674771 composite?
False
Is 1189543 composite?
True
Is 45417189 prime?
False
Is 927679421 prime?
True
Is 32870555 composite?
True
Is 30830227 a composite number?
False
Is 7569931 a prime number?
True
Is 4863217 a prime number?
True
Is 313057 composite?
True
Is 1446911 a prime number?
False
Is 328441 a composite number?
True
Is 232699 prime?
True
Is 89398915 prime?
False
Is 382775851 a composite number?
False
Is 3574721 prime?
True
Is 48270513 a composite number?
True
Is 11286777 a composite number?
True
Is 10482161 a prime number?
False
Is 2414341 prime?
True
Is 254161 prime?
True
Is 81245909 composite?
True
Is 38117861 a composite number?
True
Is 1552217 prime?
True
Is 4546559 composite?
True
Is 6229813 a composite number?
False
Is 1226957 composite?
True
Is 2037017 a composite number?
False
Is 43491863 composite?
False
Is 3800579 composite?
False
Is 13310321 prime?
True
Is 159663619 a composite number?
False
Is 3188869 prime?
False
Is 20714311 a prime number?
False
Is 8513641 a prime number?
False
Is 1026047123 a prime number?
False
Is 10789667 a prime number?
False
